{"id":143,"date":"2024-04-12T12:48:52","date_gmt":"2024-04-12T17:48:52","guid":{"rendered":"https:\/\/dtic.utc.edu.ec\/?page_id=143"},"modified":"2024-04-12T17:17:39","modified_gmt":"2024-04-12T22:17:39","slug":"guias-y-manuales","status":"publish","type":"page","link":"https:\/\/dtic.utc.edu.ec\/?page_id=143","title":{"rendered":"Gu\u00edas y Manuales"},"content":{"rendered":"\n<details class=\"wp-block-details is-layout-flow wp-block-details-is-layout-flow\" open><summary><strong>MANUAL DE USO HERRAMIENTAS DE GOOGLE<\/strong><\/summary>\n<p><a href=\"https:\/\/dtic.utc.edu.ec\/?p=150\">Gu\u00eda pr\u00e1ctica que explica el uso adecuado y seguro de las herramientas de Google Suite implementadas en la universidad<\/a>.<\/p>\n\n\n\n<p><\/p>\n<\/details>\n\n\n\n<details class=\"wp-block-details is-layout-flow wp-block-details-is-layout-flow\" open><summary><strong>GUIA DE USUARIO DE SMART<\/strong><\/summary>\n<p><a href=\"https:\/\/dtic.utc.edu.ec\/?p=154\">Manual que instruye a los usuarios sobre el manejo de la plataforma SMART, herramienta de gesti\u00f3n acad\u00e9mica y administrativa de la universidad.<\/a><\/p>\n<\/details>\n\n\n\n<details class=\"wp-block-details is-layout-flow wp-block-details-is-layout-flow\" open><summary><strong>GUIA DEL PROFESOR MOODLE<\/strong><\/summary>\n<p><a href=\"https:\/\/dtic.utc.edu.ec\/?p=158\">Documento que orienta a los docentes en el uso de la plataforma Moodle para el dise\u00f1o e implementaci\u00f3n de cursos y actividades acad\u00e9micas en l\u00ednea.<\/a><\/p>\n<\/details>\n\n\n\n<details class=\"wp-block-details is-layout-flow wp-block-details-is-layout-flow\" open><summary><strong>MANUAL SIGUTC<\/strong><\/summary>\n<p><a href=\"https:\/\/dtic.utc.edu.ec\/?p=163\">Gu\u00eda detallada sobre el funcionamiento del Sistema Integrado de Gesti\u00f3n de la Universidad T\u00e9cnica de Cotopaxi, incluyendo m\u00f3dulos administrativos y acad\u00e9micos.<\/a><\/p>\n<\/details>\n\n\n\n<details class=\"wp-block-details is-layout-flow wp-block-details-is-layout-flow\" open><summary><strong>MANUAL TTHH<\/strong><\/summary>\n<p><a href=\"https:\/\/dtic.utc.edu.ec\/?p=167\">Manual que documenta los procesos, pol\u00edticas y procedimientos relacionados a la gesti\u00f3n del Talento Humano en la universidad.<\/a><\/p>\n<\/details>\n","protected":false},"excerpt":{"rendered":"<a href=\"https:\/\/dtic.utc.edu.ec\/?page_id=143\" class=\"btn frontech-btn\"><span><\/span>Read More<\/a>","protected":false},"author":1,"featured_media":0,"parent":0,"menu_order":0,"comment_status":"closed","ping_status":"closed","template":"","meta":{"footnotes":""},"class_list":["post-143","page","type-page","status-publish","hentry"],"_links":{"self":[{"href":"https:\/\/dtic.utc.edu.ec\/index.php?rest_route=\/wp\/v2\/pages\/143","targetHints":{"allow":["GET"]}}],"collection":[{"href":"https:\/\/dtic.utc.edu.ec\/index.php?rest_route=\/wp\/v2\/pages"}],"about":[{"href":"https:\/\/dtic.utc.edu.ec\/index.php?rest_route=\/wp\/v2\/types\/page"}],"author":[{"embeddable":true,"href":"https:\/\/dtic.utc.edu.ec\/index.php?rest_route=\/wp\/v2\/users\/1"}],"replies":[{"embeddable":true,"href":"https:\/\/dtic.utc.edu.ec\/index.php?rest_route=%2Fwp%2Fv2%2Fcomments&post=143"}],"version-history":[{"count":7,"href":"https:\/\/dtic.utc.edu.ec\/index.php?rest_route=\/wp\/v2\/pages\/143\/revisions"}],"predecessor-version":[{"id":200,"href":"https:\/\/dtic.utc.edu.ec\/index.php?rest_route=\/wp\/v2\/pages\/143\/revisions\/200"}],"wp:attachment":[{"href":"https:\/\/dtic.utc.edu.ec\/index.php?rest_route=%2Fwp%2Fv2%2Fmedia&parent=143"}],"curies":[{"name":"wp","href":"https:\/\/api.w.org\/{rel}","templated":true}]}}